{"id":6,"date":"2021-01-05T17:45:58","date_gmt":"2021-01-05T17:45:58","guid":{"rendered":"https:\/\/web0.fhnw.ch\/digibe\/?page_id=6"},"modified":"2025-03-24T19:48:38","modified_gmt":"2025-03-24T18:48:38","slug":"about","status":"publish","type":"page","link":"https:\/\/digibe.ch\/index.php\/about\/","title":{"rendered":"\u00dcber uns"},"content":{"rendered":"\n<p>Das Projekt <em>Digitale Begleitung im Berufswahlprozess<\/em> <em>digibe<\/em> wird gemeinsam durchgef\u00fchrt von der P\u00e4dagogischen Hochschule FHNW, der P\u00e4dagogischen Hochschule Bern und der Hochschule f\u00fcr Angewandte Psychologie FHNW.<\/p>\n\n\n\n<div class=\"wp-block-columns is-layout-flex wp-container-core-columns-is-layout-9d6595d7 wp-block-columns-is-layout-flex\">\n<div class=\"wp-block-column is-layout-flow wp-block-column-is-layout-flow\">\n<p>Dr. <a href=\"https:\/\/www.fhnw.ch\/de\/personen\/christof-naegele\"><strong>Christof N\u00e4gele<\/strong><\/a>, Projektleitung<br><a href=\"mailto:christof.naegele@fhnw.ch\">christof.naegele@fhnw.ch<\/a><\/p>\n\n\n\n<p>Christine Hoffelner<br><a href=\"mailto:christine.hoffelner@fhnw.ch\">christine.hoffelner@fhnw.ch<\/a><\/p>\n\n\n\n<p><\/p>\n<\/div>\n\n\n\n<div class=\"wp-block-column is-layout-flow wp-block-column-is-layout-flow\">\n<figure class=\"wp-block-image size-large is-resized\"><img data-recalc-dims=\"1\" loading=\"lazy\" decoding=\"async\" width=\"640\" height=\"99\" src=\"https:\/\/i0.wp.com\/web0.fhnw.ch\/digibe\/wp-content\/uploads\/2021\/03\/fhnw_ph_10mm-1024x159.jpg?resize=640%2C99&#038;ssl=1\" alt=\"\" class=\"wp-image-49\" style=\"width:322px;height:49px\" srcset=\"https:\/\/i0.wp.com\/digibe.ch\/wp-content\/uploads\/2021\/03\/fhnw_ph_10mm.jpg?resize=1024%2C159&amp;ssl=1 1024w, https:\/\/i0.wp.com\/digibe.ch\/wp-content\/uploads\/2021\/03\/fhnw_ph_10mm.jpg?resize=300%2C46&amp;ssl=1 300w, https:\/\/i0.wp.com\/digibe.ch\/wp-content\/uploads\/2021\/03\/fhnw_ph_10mm.jpg?resize=768%2C119&amp;ssl=1 768w, https:\/\/i0.wp.com\/digibe.ch\/wp-content\/uploads\/2021\/03\/fhnw_ph_10mm.jpg?resize=1536%2C238&amp;ssl=1 1536w, https:\/\/i0.wp.com\/digibe.ch\/wp-content\/uploads\/2021\/03\/fhnw_ph_10mm.jpg?resize=2048%2C317&amp;ssl=1 2048w, https:\/\/i0.wp.com\/digibe.ch\/wp-content\/uploads\/2021\/03\/fhnw_ph_10mm.jpg?resize=1200%2C186&amp;ssl=1 1200w, https:\/\/i0.wp.com\/digibe.ch\/wp-content\/uploads\/2021\/03\/fhnw_ph_10mm.jpg?resize=1980%2C307&amp;ssl=1 1980w, https:\/\/i0.wp.com\/digibe.ch\/wp-content\/uploads\/2021\/03\/fhnw_ph_10mm.jpg?w=1280&amp;ssl=1 1280w, https:\/\/i0.wp.com\/digibe.ch\/wp-content\/uploads\/2021\/03\/fhnw_ph_10mm.jpg?w=1920&amp;ssl=1 1920w\" sizes=\"auto, (max-width: 640px) 100vw, 640px\" \/><\/figure>\n<\/div>\n<\/div>\n\n\n\n<div class=\"wp-block-columns is-layout-flex wp-container-core-columns-is-layout-9d6595d7 wp-block-columns-is-layout-flex\">\n<div class=\"wp-block-column is-layout-flow wp-block-column-is-layout-flow\">\n<p>Prof. Dr. <a href=\"https:\/\/www.phbern.ch\/ueber-die-phbern\/personen\/barbara-e-stalder\"><strong>Barbara E. Stalder<\/strong><\/a><br><a href=\"mailto:barbara.stalder@phbern.ch\">barbara.stalder@phbern.ch<\/a><\/p>\n\n\n\n<p>Dr. Annika Wyss<br><a href=\"mailto:pia-mara.gaupp@phbern.ch\">annika.wyss@phbern.ch<\/a><\/p>\n<\/div>\n\n\n\n<div class=\"wp-block-column is-layout-flow wp-block-column-is-layout-flow\">\n<figure class=\"wp-block-image size-large is-resized\"><img data-recalc-dims=\"1\" loading=\"lazy\" decoding=\"async\" width=\"640\" height=\"149\" src=\"https:\/\/i0.wp.com\/web0.fhnw.ch\/digibe\/wp-content\/uploads\/2021\/03\/Logo_PH_Bern.png?resize=640%2C149&#038;ssl=1\" alt=\"\" class=\"wp-image-50\" style=\"width:265px;height:61px\" srcset=\"https:\/\/i0.wp.com\/digibe.ch\/wp-content\/uploads\/2021\/03\/Logo_PH_Bern.png?w=791&amp;ssl=1 791w, https:\/\/i0.wp.com\/digibe.ch\/wp-content\/uploads\/2021\/03\/Logo_PH_Bern.png?resize=300%2C70&amp;ssl=1 300w, https:\/\/i0.wp.com\/digibe.ch\/wp-content\/uploads\/2021\/03\/Logo_PH_Bern.png?resize=768%2C179&amp;ssl=1 768w\" sizes=\"auto, (max-width: 640px) 100vw, 640px\" \/><\/figure>\n<\/div>\n<\/div>\n\n\n\n<div class=\"wp-block-columns is-layout-flex wp-container-core-columns-is-layout-9d6595d7 wp-block-columns-is-layout-flex\">\n<div class=\"wp-block-column is-layout-flow wp-block-column-is-layout-flow\">\n<p>Prof. Dr. <a href=\"https:\/\/www.fhnw.ch\/de\/personen\/benedikt-hell\">B<strong>enedikt Hell<\/strong><\/a><br><a href=\"mailto:benedikt.hell@fhnw.ch\">benedikt.hell@fhnw.ch<\/a><\/p>\n\n\n\n<p>Dr. <a href=\"https:\/\/www.fhnw.ch\/de\/personen\/katja-paessler\"><strong>Katja P\u00e4ssler<\/strong><\/a><br><a href=\"mailto:katja.paessler@fhnw.ch\">katja.paessler@fhnw.ch<\/a><\/p>\n\n\n\n<p><\/p>\n<\/div>\n\n\n\n<div class=\"wp-block-column is-layout-flow wp-block-column-is-layout-flow\">\n<figure class=\"wp-block-image size-large is-resized\"><img data-recalc-dims=\"1\" loading=\"lazy\" decoding=\"async\" width=\"640\" height=\"87\" src=\"https:\/\/i0.wp.com\/web0.fhnw.ch\/digibe\/wp-content\/uploads\/2021\/03\/fhnw_aps_10mm-1024x139.jpg?resize=640%2C87&#038;ssl=1\" alt=\"\" class=\"wp-image-48\" style=\"width:330px;height:44px\" srcset=\"https:\/\/i0.wp.com\/digibe.ch\/wp-content\/uploads\/2021\/03\/fhnw_aps_10mm-scaled.jpg?resize=1024%2C139&amp;ssl=1 1024w, https:\/\/i0.wp.com\/digibe.ch\/wp-content\/uploads\/2021\/03\/fhnw_aps_10mm-scaled.jpg?resize=300%2C41&amp;ssl=1 300w, https:\/\/i0.wp.com\/digibe.ch\/wp-content\/uploads\/2021\/03\/fhnw_aps_10mm-scaled.jpg?resize=768%2C105&amp;ssl=1 768w, https:\/\/i0.wp.com\/digibe.ch\/wp-content\/uploads\/2021\/03\/fhnw_aps_10mm-scaled.jpg?resize=1536%2C209&amp;ssl=1 1536w, https:\/\/i0.wp.com\/digibe.ch\/wp-content\/uploads\/2021\/03\/fhnw_aps_10mm-scaled.jpg?resize=2048%2C279&amp;ssl=1 2048w, https:\/\/i0.wp.com\/digibe.ch\/wp-content\/uploads\/2021\/03\/fhnw_aps_10mm-scaled.jpg?resize=1200%2C163&amp;ssl=1 1200w, https:\/\/i0.wp.com\/digibe.ch\/wp-content\/uploads\/2021\/03\/fhnw_aps_10mm-scaled.jpg?resize=1980%2C270&amp;ssl=1 1980w, https:\/\/i0.wp.com\/digibe.ch\/wp-content\/uploads\/2021\/03\/fhnw_aps_10mm-scaled.jpg?w=1280&amp;ssl=1 1280w, https:\/\/i0.wp.com\/digibe.ch\/wp-content\/uploads\/2021\/03\/fhnw_aps_10mm-scaled.jpg?w=1920&amp;ssl=1 1920w\" sizes=\"auto, (max-width: 640px) 100vw, 640px\" \/><\/figure>\n<\/div>\n<\/div>\n\n\n\n<div class=\"wp-block-columns is-layout-flex wp-container-core-columns-is-layout-9d6595d7 wp-block-columns-is-layout-flex\">\n<div class=\"wp-block-column is-layout-flow wp-block-column-is-layout-flow\">\n<p>Das Projekt wird unterst\u00fctzt durch das Staatssekretariat f\u00fcr Bildung, Forschung und Innovation (SBFI)<br>Mehr Informationen <a href=\"https:\/\/www.sbfi.admin.ch\/sbfi\/de\/home\/bildung\/berufsbildungssteuerung-und--politik\/berufsbildungsforschung\/einzelprojekte\/berufs--und-studienwahl--studienberatung\/digitale-begleitung-im-berufswahlprozess.html\" target=\"_blank\" rel=\"noreferrer noopener\">hier<\/a>.<\/p>\n<\/div>\n\n\n\n<div class=\"wp-block-column is-layout-flow wp-block-column-is-layout-flow\">\n<figure class=\"wp-block-image size-large is-resized\"><img data-recalc-dims=\"1\" loading=\"lazy\" decoding=\"async\" width=\"640\" height=\"330\" src=\"https:\/\/i0.wp.com\/web0.fhnw.ch\/digibe\/wp-content\/uploads\/2021\/03\/WBF_SBFI_D_RGB_pos_hoch.jpg?resize=640%2C330&#038;ssl=1\" alt=\"\" class=\"wp-image-74\" style=\"width:181px;height:93px\" srcset=\"https:\/\/i0.wp.com\/digibe.ch\/wp-content\/uploads\/2021\/03\/WBF_SBFI_D_RGB_pos_hoch.jpg?w=741&amp;ssl=1 741w, https:\/\/i0.wp.com\/digibe.ch\/wp-content\/uploads\/2021\/03\/WBF_SBFI_D_RGB_pos_hoch.jpg?resize=300%2C155&amp;ssl=1 300w\" sizes=\"auto, (max-width: 640px) 100vw, 640px\" \/><\/figure>\n<\/div>\n<\/div>\n\n\n\n<p><br><\/p>\n","protected":false},"excerpt":{"rendered":"<p>Das Projekt Digitale Begleitung im Berufswahlprozess digibe wird gemeinsam durchgef\u00fchrt von der P\u00e4dagogischen Hochschule FHNW, der P\u00e4dagogischen Hochschule Bern und der Hochschule f\u00fcr Angewandte Psychologie FHNW. Dr. Christof N\u00e4gele, Projektleitungchristof.naegele@fhnw.ch Christine Hoffelnerchristine.hoffelner@fhnw.ch Prof. Dr. Barbara E. Stalderbarbara.stalder@phbern.ch Dr. Annika Wyssannika.wyss@phbern.ch Prof. Dr. Benedikt Hellbenedikt.hell@fhnw.ch Dr. Katja P\u00e4sslerkatja.paessler@fhnw.ch Das Projekt wird unterst\u00fctzt durch das Staatssekretariat f\u00fcr [&hellip;]<\/p>\n","protected":false},"author":1,"featured_media":0,"parent":0,"menu_order":0,"comment_status":"closed","ping_status":"closed","template":"","meta":{"footnotes":""},"class_list":["post-6","page","type-page","status-publish","hentry"],"jetpack_sharing_enabled":true,"_links":{"self":[{"href":"https:\/\/digibe.ch\/index.php\/wp-json\/wp\/v2\/pages\/6","targetHints":{"allow":["GET"]}}],"collection":[{"href":"https:\/\/digibe.ch\/index.php\/wp-json\/wp\/v2\/pages"}],"about":[{"href":"https:\/\/digibe.ch\/index.php\/wp-json\/wp\/v2\/types\/page"}],"author":[{"embeddable":true,"href":"https:\/\/digibe.ch\/index.php\/wp-json\/wp\/v2\/users\/1"}],"replies":[{"embeddable":true,"href":"https:\/\/digibe.ch\/index.php\/wp-json\/wp\/v2\/comments?post=6"}],"version-history":[{"count":18,"href":"https:\/\/digibe.ch\/index.php\/wp-json\/wp\/v2\/pages\/6\/revisions"}],"predecessor-version":[{"id":540,"href":"https:\/\/digibe.ch\/index.php\/wp-json\/wp\/v2\/pages\/6\/revisions\/540"}],"wp:attachment":[{"href":"https:\/\/digibe.ch\/index.php\/wp-json\/wp\/v2\/media?parent=6"}],"curies":[{"name":"wp","href":"https:\/\/api.w.org\/{rel}","templated":true}]}}

Über uns

<p>Das Projekt <em>Digitale Begleitung im Berufswahlprozess</em> <em>digibe</em> wird gemeinsam durchgeführt von der Pädagogischen Hochschule FHNW, der Pädagogischen Hochschule Bern und der Hochschule für Angewandte Psychologie FHNW.</p>



<div class="wp-block-columns is-layout-flex wp-container-core-columns-is-layout-9d6595d7 wp-block-columns-is-layout-flex">
<div class="wp-block-column is-layout-flow wp-block-column-is-layout-flow">
<p>Dr. <a href="https://www.fhnw.ch/de/personen/christof-naegele"><strong>Christof Nägele</strong></a>, Projektleitung<br><a href="mailto:christof.naegele@fhnw.ch">christof.naegele@fhnw.ch</a></p>



<p>Christine Hoffelner<br><a href="mailto:christine.hoffelner@fhnw.ch">christine.hoffelner@fhnw.ch</a></p>



<p></p>
</div>



<div class="wp-block-column is-layout-flow wp-block-column-is-layout-flow">
<figure class="wp-block-image size-large is-resized"><img data-recalc-dims="1" loading="lazy" decoding="async" width="640" height="99" src="https://i0.wp.com/web0.fhnw.ch/digibe/wp-content/uploads/2021/03/fhnw_ph_10mm-1024x159.jpg?resize=640%2C99&#038;ssl=1" alt="" class="wp-image-49" style="width:322px;height:49px" srcset="https://i0.wp.com/digibe.ch/wp-content/uploads/2021/03/fhnw_ph_10mm.jpg?resize=1024%2C159&amp;ssl=1 1024w, https://i0.wp.com/digibe.ch/wp-content/uploads/2021/03/fhnw_ph_10mm.jpg?resize=300%2C46&amp;ssl=1 300w, https://i0.wp.com/digibe.ch/wp-content/uploads/2021/03/fhnw_ph_10mm.jpg?resize=768%2C119&amp;ssl=1 768w, https://i0.wp.com/digibe.ch/wp-content/uploads/2021/03/fhnw_ph_10mm.jpg?resize=1536%2C238&amp;ssl=1 1536w, https://i0.wp.com/digibe.ch/wp-content/uploads/2021/03/fhnw_ph_10mm.jpg?resize=2048%2C317&amp;ssl=1 2048w, https://i0.wp.com/digibe.ch/wp-content/uploads/2021/03/fhnw_ph_10mm.jpg?resize=1200%2C186&amp;ssl=1 1200w, https://i0.wp.com/digibe.ch/wp-content/uploads/2021/03/fhnw_ph_10mm.jpg?resize=1980%2C307&amp;ssl=1 1980w, https://i0.wp.com/digibe.ch/wp-content/uploads/2021/03/fhnw_ph_10mm.jpg?w=1280&amp;ssl=1 1280w, https://i0.wp.com/digibe.ch/wp-content/uploads/2021/03/fhnw_ph_10mm.jpg?w=1920&amp;ssl=1 1920w" sizes="auto, (max-width: 640px) 100vw, 640px" /></figure>
</div>
</div>



<div class="wp-block-columns is-layout-flex wp-container-core-columns-is-layout-9d6595d7 wp-block-columns-is-layout-flex">
<div class="wp-block-column is-layout-flow wp-block-column-is-layout-flow">
<p>Prof. Dr. <a href="https://www.phbern.ch/ueber-die-phbern/personen/barbara-e-stalder"><strong>Barbara E. Stalder</strong></a><br><a href="mailto:barbara.stalder@phbern.ch">barbara.stalder@phbern.ch</a></p>



<p>Dr. Annika Wyss<br><a href="mailto:pia-mara.gaupp@phbern.ch">annika.wyss@phbern.ch</a></p>
</div>



<div class="wp-block-column is-layout-flow wp-block-column-is-layout-flow">
<figure class="wp-block-image size-large is-resized"><img data-recalc-dims="1" loading="lazy" decoding="async" width="640" height="149" src="https://i0.wp.com/web0.fhnw.ch/digibe/wp-content/uploads/2021/03/Logo_PH_Bern.png?resize=640%2C149&#038;ssl=1" alt="" class="wp-image-50" style="width:265px;height:61px" srcset="https://i0.wp.com/digibe.ch/wp-content/uploads/2021/03/Logo_PH_Bern.png?w=791&amp;ssl=1 791w, https://i0.wp.com/digibe.ch/wp-content/uploads/2021/03/Logo_PH_Bern.png?resize=300%2C70&amp;ssl=1 300w, https://i0.wp.com/digibe.ch/wp-content/uploads/2021/03/Logo_PH_Bern.png?resize=768%2C179&amp;ssl=1 768w" sizes="auto, (max-width: 640px) 100vw, 640px" /></figure>
</div>
</div>



<div class="wp-block-columns is-layout-flex wp-container-core-columns-is-layout-9d6595d7 wp-block-columns-is-layout-flex">
<div class="wp-block-column is-layout-flow wp-block-column-is-layout-flow">
<p>Prof. Dr. <a href="https://www.fhnw.ch/de/personen/benedikt-hell">B<strong>enedikt Hell</strong></a><br><a href="mailto:benedikt.hell@fhnw.ch">benedikt.hell@fhnw.ch</a></p>



<p>Dr. <a href="https://www.fhnw.ch/de/personen/katja-paessler"><strong>Katja Pässler</strong></a><br><a href="mailto:katja.paessler@fhnw.ch">katja.paessler@fhnw.ch</a></p>



<p></p>
</div>



<div class="wp-block-column is-layout-flow wp-block-column-is-layout-flow">
<figure class="wp-block-image size-large is-resized"><img data-recalc-dims="1" loading="lazy" decoding="async" width="640" height="87" src="https://i0.wp.com/web0.fhnw.ch/digibe/wp-content/uploads/2021/03/fhnw_aps_10mm-1024x139.jpg?resize=640%2C87&#038;ssl=1" alt="" class="wp-image-48" style="width:330px;height:44px" srcset="https://i0.wp.com/digibe.ch/wp-content/uploads/2021/03/fhnw_aps_10mm-scaled.jpg?resize=1024%2C139&amp;ssl=1 1024w, https://i0.wp.com/digibe.ch/wp-content/uploads/2021/03/fhnw_aps_10mm-scaled.jpg?resize=300%2C41&amp;ssl=1 300w, https://i0.wp.com/digibe.ch/wp-content/uploads/2021/03/fhnw_aps_10mm-scaled.jpg?resize=768%2C105&amp;ssl=1 768w, https://i0.wp.com/digibe.ch/wp-content/uploads/2021/03/fhnw_aps_10mm-scaled.jpg?resize=1536%2C209&amp;ssl=1 1536w, https://i0.wp.com/digibe.ch/wp-content/uploads/2021/03/fhnw_aps_10mm-scaled.jpg?resize=2048%2C279&amp;ssl=1 2048w, https://i0.wp.com/digibe.ch/wp-content/uploads/2021/03/fhnw_aps_10mm-scaled.jpg?resize=1200%2C163&amp;ssl=1 1200w, https://i0.wp.com/digibe.ch/wp-content/uploads/2021/03/fhnw_aps_10mm-scaled.jpg?resize=1980%2C270&amp;ssl=1 1980w, https://i0.wp.com/digibe.ch/wp-content/uploads/2021/03/fhnw_aps_10mm-scaled.jpg?w=1280&amp;ssl=1 1280w, https://i0.wp.com/digibe.ch/wp-content/uploads/2021/03/fhnw_aps_10mm-scaled.jpg?w=1920&amp;ssl=1 1920w" sizes="auto, (max-width: 640px) 100vw, 640px" /></figure>
</div>
</div>



<div class="wp-block-columns is-layout-flex wp-container-core-columns-is-layout-9d6595d7 wp-block-columns-is-layout-flex">
<div class="wp-block-column is-layout-flow wp-block-column-is-layout-flow">
<p>Das Projekt wird unterstützt durch das Staatssekretariat für Bildung, Forschung und Innovation (SBFI)<br>Mehr Informationen <a href="https://www.sbfi.admin.ch/sbfi/de/home/bildung/berufsbildungssteuerung-und--politik/berufsbildungsforschung/einzelprojekte/berufs--und-studienwahl--studienberatung/digitale-begleitung-im-berufswahlprozess.html" target="_blank" rel="noreferrer noopener">hier</a>.</p>
</div>



<div class="wp-block-column is-layout-flow wp-block-column-is-layout-flow">
<figure class="wp-block-image size-large is-resized"><img data-recalc-dims="1" loading="lazy" decoding="async" width="640" height="330" src="https://i0.wp.com/web0.fhnw.ch/digibe/wp-content/uploads/2021/03/WBF_SBFI_D_RGB_pos_hoch.jpg?resize=640%2C330&#038;ssl=1" alt="" class="wp-image-74" style="width:181px;height:93px" srcset="https://i0.wp.com/digibe.ch/wp-content/uploads/2021/03/WBF_SBFI_D_RGB_pos_hoch.jpg?w=741&amp;ssl=1 741w, https://i0.wp.com/digibe.ch/wp-content/uploads/2021/03/WBF_SBFI_D_RGB_pos_hoch.jpg?resize=300%2C155&amp;ssl=1 300w" sizes="auto, (max-width: 640px) 100vw, 640px" /></figure>
</div>
</div>



<p><br></p>

<p>Das Projekt Digitale Begleitung im Berufswahlprozess digibe wird gemeinsam durchgeführt von der Pädagogischen Hochschule FHNW, der Pädagogischen Hochschule Bern und der Hochschule für Angewandte Psychologie FHNW. Dr. Christof Nägele, Projektleitungchristof.naegele@fhnw.ch Christine Hoffelnerchristine.hoffelner@fhnw.ch Prof. Dr. Barbara E. Stalderbarbara.stalder@phbern.ch Dr. Annika Wyssannika.wyss@phbern.ch Prof. Dr. Benedikt Hellbenedikt.hell@fhnw.ch Dr. Katja Pässlerkatja.paessler@fhnw.ch Das Projekt wird unterstützt durch das Staatssekretariat für [&hellip;]</p>
